(r) = s(r) - 4*w(r). Suppose -3*l = -l + 12. List the prime factors of y(l).
7
Let m(x) = x - 2*x**2 + x**2 + 2*x**3 - 3*x**2 - 2*x. List the prime factors of m(3).
3, 5
What are the prime factors of 1*-2*((-20)/5 - 5)?
2, 3
Suppose -3*k = -4*k - 3. Let d be (k + 1)*(-19)/1. Suppose -3*p + m = -0*p - 51, -2*p + d = -2*m. List the prime factors of p.
2
Suppose 4*v + r + 3*r = 272, 4*r = 4*v - 296. Suppose 4*x + s + 0*s + 203 = 0, 4*x + 4*s + 200 = 0. Let t = v + x. List the prime factors of t.
2, 5
Suppose -4*d = -2*n + 32, 0*n = -4*d - n - 32. Let m(s) = -1. Let l(v) = -v - 5. Let y(j) = l(j) - 3*m(j). List the prime factors of y(d).
2, 3
Suppose 9*v - 4*v = 15. Let t(q) = -4 + 3*q**2 - q**v + 8*q + q**2 - 4*q. What are the prime factors of t(4)?
2, 3
Let g = -15 + 39. Suppose -2*b - 20 = -4*l, 5*l = 4*b - 2*b + g. List the prime factors of l.
2
Suppose -2*q = -6*q + 4. Let x = 16 + q. List the prime factors of x.
17
Let p be 3/3 + 4 - 0. Let n = -4 + p. What are the prime factors of ((n - 1) + 1)*9?
3
Suppose 2*n - 174 = -3*m, -2*n + m = -3*n + 88. List the prime factors of n.
2, 3, 5
List the prime factors of 1/3 - 1 - (-5642)/39.
2, 3
Suppose 850 = 19*s - 14*s. What are the prime factors of s?
2, 5, 17
Let p(k) = k. Let m be p(-2). List the prime factors of (2/(-6))/(m/114).
19
Suppose -2*b + 17 = -11. Let l be (-32)/(-14) - 4/b. What are the prime factors of (l/(-5))/(5/(-25))?
2
Suppose 16 = 2*t - 3*b - 0, -3*t + 2 = b. What are the prime factors of (t*-2 + 3)*-27?
3
Suppose -2*d - 2*p + 18 = 2*d, -4*d - 12 = -4*p. Let n be (-3)/(-3 + 0 + d). Suppose -4 = -4*m, -n*m - 5 - 2 = -2*u. What are the prime factors of u?
5
Suppose -4*v + n + 97 = -14, -2*v - 3*n = -59. What are the prime factors of v?
2, 7
Suppose -o + 8 = n, 2*n = -2*n - o + 23. Suppose -10 = 3*j + n*b, 0 = -0*j - j + 5*b - 10. Let r = j + 17. List the prime factors of r.
2, 3
Let f(k) = -2*k**3 - 6*k**2 - k + 5. What are the prime factors of f(-4)?
41
Suppose -l - 8 = -4*r, 0 = 4*l - 9*r + 4*r + 10. Suppose l*c = 3*c - 147. What are the prime factors of c?
7
Let v be 1/(2/(-8)*-2). Let o(t) = -v*t + 0*t**3 + 5 - t + 5*t**2 - t**3. List the prime factors of o(4).
3
Let m(a) = 0 + 15*a**2 + 1 - 2. List the prime factors of m(-1).
2, 7
Let f be (7 - -1) + -3 - 2. Suppose -2*c - 2*b + 4 = -b, -5*b = -f*c + 32. What are the prime factors of c?
2
Let p be (-10)/(-5) - (-1 - 0). List the prime factors of (-3)/(-2)*(3 + p).
3
Suppose s - 21 = -0*s. Let u = s + -2. What are the prime factors of u?
19
Let m(y) = y + 25. What are the prime factors of m(8)?
3, 11
Suppose -5*s = 4*j - 960 + 205, 3*s - 431 = 2*j. What are the prime factors of s?
3, 7
List the prime factors of (3 - 32/12)/(1/417).
139
Let x = 46 + -21. List the prime factors of x.
5
Suppose 0 = -4*z - 4*p + 48, -3*p - 3 = -2*z + 1. List the prime factors of z.
2
Let s(r) = 2*r**3 - 4*r**2 + 2*r + 3. Let t be (-8 - 1)*5/(-15). What are the prime factors of s(t)?
3
Suppose -5*c + 0*n = 4*n - 173, 2*c - 62 = 2*n. What are the prime factors of c?
3, 11
Suppose p + 92 = n - 4*p, -5*n = 4*p - 402. List the prime factors of n.
2, 41
Suppose -5*y + 2 + 3 = 0. Suppose 0 = -c - 0*c - y, -c = -4*h + 9. What are the prime factors of 11*h*1/2?
11
Let m(t) = t**2 - 3*t. Let a be m(4). Suppose -2*n - 4*b - a = 0, -5*b - 16 = -6*n + 3*n. Suppose 0 = 5*o + 20, 5*o + 11 = -p + n. List the prime factors of p.
11
Suppose -2*n = -6, -3*r - 3*n = -17 - 7. Suppose 50 = r*p + 20. List the prime factors of (3/p)/((-1)/(-4)).
2
Let c(p) = -11*p**3 - 5*p**2 - 7*p. What are the prime factors of c(-3)?
3, 7, 13
Let a = 1 - -14. Suppose -7*n + k = -2*n - 13, a = 3*n + 3*k. List the prime factors of n.
3
Let x(v) = 11*v - 5. Let r be x(4). Suppose 5*l = 16 + r. What are the prime factors of l?
11
Suppose -5*t + 32 = 4*i, -4 + 6 = 2*i - t. Suppose 62 = i*w + 8. What are the prime factors of w?
2, 3
Let g(x) = 15*x - 4. What are the prime factors of g(7)?
101
Let c be (-18)/(-4)*(-4)/(-3). Let z = -3 + c. Suppose 5 = z*w - 16. List the prime factors of w.
7
Let k = 60 + 80. What are the prime factors of k?
2, 5, 7
Let h(t) = t + 44. What are the prime factors of h(0)?
2, 11
Let n be -2 + (-24)/(1 + -4). Let p(x) = x**2 - 5*x - 2. Let j be p(n). Suppose 7 = j*f - 21. What are the prime factors of f?
7
Let d be 12/(-66) + (-40)/22. Let r(h) = -h**3 - 2. What are the prime factors of r(d)?
2, 3
Suppose -5*u + 2*c - c = -321, 4*u + 2*c - 268 = 0. List the prime factors of u.
5, 13
Suppose 2*f + 15 = 3*t + f, -t = f - 5. Suppose -4*h + 3*o - 23 = -8*h, o - 26 = -t*h. What are the prime factors of h?
5
Let h = 5 + -2. Let u = 4 - h. Suppose 35 + u = 3*v. What are the prime factors of v?
2, 3
Suppose 2*l - 22 + 0 = 0. Let o = l + 6. List the prime factors of o.
17
Let y(d) = 2*d**2 + 3*d + 1. Let h be y(-2). Let m(w) = 0 + w**2 + 6 + h*w - 1. List the prime factors of m(-4).
3
Let u(s) = -s**3 + 7*s**2 - 3*s - 7. What are the prime factors of u(6)?
11
Suppose -5*s - 76 = -s. Let g = -5 - s. What are the prime factors of g?
2, 7
Let l = -14 + 4. Let p = l + 11. List the prime factors of p/((-2)/((-88)/2)).
2, 11
Suppose -21 - 71 = 4*r. Let h = -111 + 70. Let s = r - h. List the prime factors of s.
2, 3
Let m = 3 + 0. Suppose -2*w - c + 18 + 2 = 0, -m*w + 35 = 4*c. What are the prime factors of w?
3
Suppose 48 = z - 18. What are the prime factors of z?
2, 3, 11
Let n(z) = z**3 + z**2 - 2*z - 5. List the prime factors of n(3).
5
Let h(i) = 2*i - 15. Let z be h(10). Let f(l) = l - 2. What are the prime factors of f(z)?
3
Let h = 4 - -13. Let j = 43 - h. Suppose 3*w = w + j. List the prime factors of w.
13
Let r be (-2)/3 + 230/3. Suppose 14 + r = 5*i. List the prime factors of (-156)/(-27) - (-4)/i.
2, 3
Suppose 4*w - 220 = -2*h + 46, -395 = -3*h - 4*w. What are the prime factors of h?
3, 43
Suppose -39*k + 43*k = 444. What are the prime factors of k?
3, 37
Let j = -12 - -8. Let u be -6*2/j*3. Suppose w = 3 + u. List the prime factors of w.
2, 3
Let h be 2 - 4/(-6)*3. Let o(v) = 3*v**2 - 22*v + 4. Let q(y) = -y**2 + 7*y - 1. Let a(x) = 2*o(x) + 7*q(x). List the prime factors of a(h).
5
Let n be (15/6*-2)/(-1). What are the prime factors of (64/40)/(2/n)?
2
Let i(c) = -61*c**2 + 2 + c**3 + 8*c + 52*c**2 + 9. List the prime factors of i(8).
11
Suppose u + 168 = 3*u - 3*y, -y - 394 = -5*u. List the prime factors of u.
2, 3, 13
Let n(w) = -3*w**3 - 10*w**2 + 13. List the prime factors of n(-4).
3, 5
Suppose 0*d + 2*d + 44 = 0. Let o be 3/((-6)/(-3) - 1). List the prime factors of (d/o)/(5/(-15)).
2, 11
Let l = 8 - -9. Let o = l + -2. List the prime factors of o.
3, 5
Suppose -i - 5 = 0, -45 + 211 = u - i. List the prime factors of u.
7, 23
Let z be (4/(-12))/(2/(-498)). Let w = z - 57. List the prime factors of w.
2, 13
Suppose 2*q - 5*l = 0, -42 = -5*q - 5*l + 28. Suppose -5*h - 2*j - q = -32, 4*j = 4. What are the prime factors of h?
2
Suppose -3 = -3*p + 9. Suppose -2*k + 0*k - 72 = -p*z, -5*z - 5*k = -75. List the prime factors of z.
17
Let s be 3/((-9)/(-2))*54. What are the prime factors of 8 + -8 + s/2?
2, 3
Let y(u) = -u**3 + 12*u**2 - 3*u. What are the prime factors of y(11)?
2, 11
Let d(t) = -t**2 - 9*t - 8. Let b be (-32)/(-14) - (-2)/(-7). Let u be 1 + (-8)/2*b. What are the prime factors of d(u)?
2, 3
Suppose 7 + 20 = 2*v - 3*t, -5*t = v + 19. Suppose -104 = 2*l - v*l. List the prime factors of l.
2, 13
Let y = -15 + 13. List the prime factors of 1 - (-1 + 4/y).
2
Let f(d) = -9*d - 21. List the prime factors of f(-18).
3, 47
Suppose 8 = 4*i - 12. Suppose -i*w + 240 = 4*q, -5*w + q + 2*q = -275. Suppose a - 5*c = 4 + 12, 5*a - w = -3*c. What are the prime factors of a?
11
Let f be 141/27 - 6/27. List the prime factors of f/(3/2 + -1).
2, 5
Let b(k) = -k + 5. Let s be (7 - 5) + 2*-1. List the prime factors of b(s).
5
Suppose -6*y - 10 = -y. Let x be ((-1)/y)/((-1)/(-8)). Suppose 0 = 2*o - 0*i - 3*i - 11, -4*i + 12 = x*o. What are the prime factors of o?
2
Let u(k) = -6*k**3 + 2*k - 1. What are the prime factors of u(-2)?
43
Suppose -c + 17*c - 1200 = 0. List the prime factors of c.
3, 5
List the prime factors of 52/4 - 0/(-3).
13
Suppose -3*r - 3*a = -0*r + 3, -4*r + 3*a + 31 = 0. Suppose -r*s + 42 = 4*p - 5*s, 0 = -p + 3*s + 16. What are the prime factors